
18
What is the remainder when 783 is divided by 197?
192
What is the remainder when 173 is divided by 136?
37
What is the remainder when 146 is divided by 30?
26
What is the remainder when 1727 is divided by 290?
277
Calculate the remainder when 166 is divided by 119.
47
What is the remainder when 124 is divided by 26?
20
What is the remainder when 293 is divided by 46?
17
Calculate the remainder when 236 is divided by 40.
36
What is the remainder when 5 is divided by 2?
1
What is the remainder when 440 is divided by 74?
70
What is the remainder when 2052 is divided by 1019?
14
What is the remainder when 4201 is divided by 168?
1
What is the remainder when 28 is divided by 8?
4
What is the remainder when 217 is divided by 110?
107
Calculate the remainder when 180 is divided by 17.
10
What is the remainder when 16990 is divided by 288?
286
What is the remainder when 1934 is divided by 55?
9
What is the remainder when 79 is divided by 18?
7
Calculate the remainder when 206 is divided by 15.
11
Calculate the remainder when 934 is divided by 33.
10
Calculate the remainder when 30 is divided by 8.
6
Calculate the remainder when 181 is divided by 62.
57
What is the remainder when 212 is divided by 54?
50
What is the remainder when 847 is divided by 281?
4
Calculate the remainder when 104 is divided by 35.
34
What is the remainder when 307 is divided by 184?
123
What is the remainder when 131 is divided by 6?
5
Calculate the remainder when 276 is divided by 56.
52
Calculate the remainder when 177 is divided by 14.
9
What is the remainder when 124 is divided by 22?
14
What is the remainder when 1051 is divided by 27?
25
What is the remainder when 448 is divided by 147?
7
What is the remainder when 162 is divided by 44?
30
What is the remainder when 331 is divided by 65?
6
What is the remainder when 44 is divided by 24?
20
Calculate the remainder when 165 is divided by 26.
9
What is the remainder when 1230 is divided by 28?
26
What is the remainder when 166 is divided by 27?
4
What is the remainder when 1058 is divided by 112?
50
Calculate the remainder when 1757 is divided by 40.
37
Calculate the remainder when 1064 is divided by 97.
94
Calculate the remainder when 4635 is divided by 27.
18
Calculate the remainder when 166 is divided by 43.
37
Calculate the remainder when 277 is divided by 158.
119
Calculate the remainder when 285 is divided by 69.
9
Calculate the remainder when 1519 is divided by 378.
7
What is the remainder when 777 is divided by 120?
57
What is the remainder when 528 is divided by 76?
72
Calculate the remainder when 520 is divided by 48.
40
Calculate the remainder when 868 is divided by 58.
56
What is the remainder when 356 is divided by 20?
16
What is the remainder when 186 is divided by 62?
0
Calculate the remainder when 362 is divided by 28.
26
What is the remainder when 546 is divided by 137?
135
What is the remainder when 437 is divided by 51?
29
Calculate the remainder when 79 is divided by 16.
15
Calculate the remainder when 89 is divided by 77.
12
What is the remainder when 1086 is divided by 281?
243
Calculate the remainder when 53 is divided by 28.
25
What is the remainder when 91 is divided by 51?
40
Calculate the remainder when 441 is divided by 17.
16
What is the remainder when 321 is divided by 23?
22
Calculate the remainder when 314 is divided by 45.
44
Calculate the remainder when 412 is divided by 16.
12
Calculate the remainder when 69983 is divided by 48.
47
Calculate the remainder when 6227 is divided by 201.
197
Calculate the remainder when 116 is divided by 103.
13
Calculate the remainder when 1077 is divided by 10.
7
What is the remainder when 767 is divided by 170?
87
What is the remainder when 202 is divided by 132?
70
Calculate the remainder when 462 is divided by 120.
102
What is the remainder when 147 is divided by 30?
27
Calculate the remainder when 2338 is divided by 28.
14
Calculate the remainder when 350 is divided by 39.
38
Calculate the remainder when 390 is divided by 126.
12
What is the remainder when 163 is divided by 56?
51
Calculate the remainder when 259 is divided by 24.
19
Calculate the remainder when 2050 is divided by 108.
106
What is the remainder when 22 is divided by 7?
1
Calculate the remainder when 255 is divided by 48.
15
What is the remainder when 611 is divided by 76?
3
What is the remainder when 766 is divided by 73?
36
What is the remainder when 2687 is divided by 895?
2
Calculate the remainder when 369 is divided by 27.
18
Calculate the remainder when 584 is divided by 82.
10
What is the remainder when 1931 is divided by 46?
45
Calculate the remainder when 858 is divided by 97.
82
What is the remainder when 1275 is divided by 66?
21
What is the remainder when 698 is divided by 50?
48
Calculate the remainder when 1672 is divided by 54.
52
What is the remainder when 356 is divided by 12?
8
What is the remainder when 20353 is divided by 59?
57
What is the remainder when 322 is divided by 22?
14
Calculate the remainder when 142 is divided by 64.
14
Calculate the remainder when 45 is divided by 15.
0
Calculate the remainder when 113 is divided by 29.
26
Calculate the remainder when 122 is divided by 16.
10
What is the remainder when 304 is divided by 123?
58
What is the remainder when 3441 is divided by 14?
11
Calculate the remainder when 110 is divided by 17.
8
What is the remainder when 21881 is divided by 42?
41
Calculate the remainder when 79 is divided by 20.
19
Calculate the remainder when 350 is divided by 326.
24
Calculate the remainder when 420 is divided by 206.
8
What is the remainder when 353 is divided by 41?
25
Calculate the remainder when 27 is divided by 17.
10
What is the remainder when 847 is divided by 107?
98
Calculate the remainder when 213 is divided by 45.
33
What is the remainder when 8318 is divided by 65?
63
Calculate the remainder when 1450 is divided by 12.
10
What is the remainder when 174 is divided by 54?
12
What is the remainder when 76 is divided by 60?
16
What is the remainder when 965 is divided by 47?
25
Calculate the remainder when 86 is divided by 45.
41
What is the remainder when 80 is divided by 10?
0
Calculate the remainder when 394 is divided by 82.
66
Calculate the remainder when 37308 is divided by 35.
33
What is the remainder when 223 is divided by 69?
16
What is the remainder when 142 is divided by 32?
14
Calculate the remainder when 123 is divided by 31.
30
What is the remainder when 230 is divided by 21?
20
Calculate the remainder when 279 is divided by 48.
39
What is the remainder when 323 is divided by 41?
36
Calculate the remainder when 1339 is divided by 333.
7
What is the remainder when 156 is divided by 40?
36
What is the remainder when 66 is divided by 17?
15
Calculate the remainder when 1087 is divided by 78.
73
Calculate the remainder when 24 is divided by 6.
0
What is the remainder when 2651 is divided by 156?
155
Calculate the remainder when 323 is divided by 107.
2
Calculate the remainder when 433 is divided by 31.
30
What is the remainder when 597 is divided by 12?
9
What is the remainder when 185 is divided by 11?
9
Calculate the remainder when 253 is divided by 72.
37
Calculate the remainder when 260 is divided by 89.
82
Calculate the remainder when 304 is divided by 64.
48
Calculate the remainder when 894 is divided by 14.
12
What is the remainder when 1690 is divided by 12?
10
Calculate the remainder when 7648 is divided by 34.
32
What is the remainder when 1065 is divided by 63?
57
Calculate the remainder when 211 is divided by 99.
13
What is the remainder when 4018 is divided by 175?
168
What is the remainder when 4637 is divided by 91?
87
What is the remainder when 207 is divided by 29?
4
What is the remainder when 4157 is divided by 22?
21
What is the remainder when 56 is divided by 56?
0
What is the remainder when 101 is divided by 21?
17
What is the remainder when 55 is divided by 16?
7
Calculate the remainder when 319 is divided by 39.
7
Calculate the remainder when 582 is divided by 46.
30
What is the remainder when 739 is divided by 357?
25
Calculate the remainder when 1975 is divided by 78.
25
Calculate the remainder when 44 is divided by 22.
0
Calculate the remainder when 157 is divided by 147.
10
What 